{"id":434,"date":"2017-09-12T08:52:48","date_gmt":"2017-09-12T06:52:48","guid":{"rendered":"http:\/\/toveksbil.hemsida.eu\/mer\/jobba-hos-oss-2\/"},"modified":"2024-05-27T08:31:57","modified_gmt":"2024-05-27T06:31:57","slug":"jobba-hos-oss","status":"publish","type":"page","link":"https:\/\/toveksbil.se\/lastbilar\/mer\/jobba-hos-oss\/","title":{"rendered":"Jobba hos oss"},"content":{"rendered":"<div class=\"wpb-content-wrapper\"><p>[vc_row][vc_column width=&#8221;5\/6&#8243;][vc_column_text]<\/p>\n<div class=\"jobtext\">\n<h1>Jobba hos oss<\/h1>\n<p>Vi \u00e4r alltid p\u00e5 jakt efter kompetent personal och str\u00e4var efter att attrahera, utveckla och beh\u00e5lla engagerade medarbetare. Toveks \u00e4r en stor, men samtidigt enkel, okomplicerad och familj\u00e4r organisation d\u00e4r vi har n\u00e4ra till beslut. V\u00e5r verksamhet pr\u00e4glas och styrs mycket av v\u00e5rt oerh\u00f6rt starkt varum\u00e4rke, Scania. Bra egenskaper f\u00f6r att trivas hos oss \u00e4r positivitet, initiativtagande, sunt f\u00f6rnuft och vilja att vara en del i det vinnande laget.<\/p>\n<p><script type=\"text\/javascript\" src=\"\/\/toveksbil.varbi.com\/Template\/MyNetwork\/javascript\/job-iframe-size-adjuster.js\"><\/script><br \/>\n<iframe id=\"toveksbil-mn-jobframe-int\" style=\"height: 700px; width: 100%;\" src=\"https:\/\/toveksbil.varbi.com\/se\/what:iframe\/subscribe:1\/nospont:1\/template:default\/?token=4b3c9e48cffef418328ddc02be7702d2\" name=\"toveksbil-mn-jobframe-int\" frameborder=\"0\"><\/iframe><\/p>\n<\/div>\n<\/div>","protected":false},"excerpt":{"rendered":"<p>[vc_row][vc_column width=&#8221;5\/6&#8243;][vc_column_text] Jobba hos oss Vi \u00e4r alltid p\u00e5 jakt efter kompetent personal och str\u00e4var efter att attrahera, utveckla och beh\u00e5lla engagerade medarbetare. Toveks \u00e4r en stor, men samtidigt enkel, okomplicerad och familj\u00e4r organisation d\u00e4r vi har n\u00e4ra till beslut. V\u00e5r verksamhet pr\u00e4glas och styrs mycket av v\u00e5rt oerh\u00f6rt starkt varum\u00e4rke, Scania. Bra egenskaper f\u00f6r [&hellip;]<\/p>\n","protected":false},"author":1,"featured_media":0,"parent":383,"menu_order":2,"comment_status":"closed","ping_status":"closed","template":"templates\/Jobbahososs.php","meta":{"_acf_changed":false,"_exactmetrics_skip_tracking":false,"_exactmetrics_sitenote_active":false,"_exactmetrics_sitenote_note":"","_exactmetrics_sitenote_category":0,"footnotes":""},"class_list":["post-434","page","type-page","status-publish","hentry"],"acf":[],"yoast_head":"<!-- This site is optimized with the Yoast SEO plugin v27.2 - https:\/\/yoast.com\/product\/yoast-seo-wordpress\/ -->\n<title>Jobba hos oss - Toveks Bil<\/title>\n<meta name=\"robots\" content=\"index, follow, max-snippet:-1, max-image-preview:large, max-video-preview:-1\" \/>\n<link rel=\"canonical\" href=\"https:\/\/toveksbil.se\/lastbilar\/mer\/jobba-hos-oss\/\" \/>\n<meta name=\"twitter:card\" content=\"summary_large_image\" \/>\n<meta name=\"twitter:title\" content=\"Jobba hos oss - Toveks Bil\" \/>\n<meta name=\"twitter:description\" content=\"[vc_row][vc_column width=&#8221;5\/6&#8243;][vc_column_text] Jobba hos oss Vi \u00e4r alltid p\u00e5 jakt efter kompetent personal och str\u00e4var efter att attrahera, utveckla och beh\u00e5lla engagerade medarbetare. Toveks \u00e4r en stor, men samtidigt enkel, okomplicerad och familj\u00e4r organisation d\u00e4r vi har n\u00e4ra till beslut. V\u00e5r verksamhet pr\u00e4glas och styrs mycket av v\u00e5rt oerh\u00f6rt starkt varum\u00e4rke, Scania. Bra egenskaper f\u00f6r [&hellip;]\" \/>\n<meta name=\"twitter:label1\" content=\"Ber\u00e4knad l\u00e4stid\" \/>\n\t<meta name=\"twitter:data1\" content=\"1 minut\" \/>\n<script type=\"application\/ld+json\" class=\"yoast-schema-graph\">{\"@context\":\"https:\/\/schema.org\",\"@graph\":[{\"@type\":\"WebPage\",\"@id\":\"https:\/\/toveksbil.se\/lastbilar\/mer\/jobba-hos-oss\/\",\"url\":\"https:\/\/toveksbil.se\/lastbilar\/mer\/jobba-hos-oss\/\",\"name\":\"Jobba hos oss - Toveks Bil\",\"isPartOf\":{\"@id\":\"https:\/\/toveksbil.se\/lastbilar\/#website\"},\"datePublished\":\"2017-09-12T06:52:48+00:00\",\"dateModified\":\"2024-05-27T06:31:57+00:00\",\"breadcrumb\":{\"@id\":\"https:\/\/toveksbil.se\/lastbilar\/mer\/jobba-hos-oss\/#breadcrumb\"},\"inLanguage\":\"sv-SE\",\"potentialAction\":[{\"@type\":\"ReadAction\",\"target\":[\"https:\/\/toveksbil.se\/lastbilar\/mer\/jobba-hos-oss\/\"]}]},{\"@type\":\"BreadcrumbList\",\"@id\":\"https:\/\/toveksbil.se\/lastbilar\/mer\/jobba-hos-oss\/#breadcrumb\",\"itemListElement\":[{\"@type\":\"ListItem\",\"position\":1,\"name\":\"Hem\",\"item\":\"https:\/\/toveksbil.se\/lastbilar\/\"},{\"@type\":\"ListItem\",\"position\":2,\"name\":\"Privat: Mer\",\"item\":\"https:\/\/toveksbil.se\/lastbilar\/?page_id=383\"},{\"@type\":\"ListItem\",\"position\":3,\"name\":\"Jobba hos oss\"}]},{\"@type\":\"WebSite\",\"@id\":\"https:\/\/toveksbil.se\/lastbilar\/#website\",\"url\":\"https:\/\/toveksbil.se\/lastbilar\/\",\"name\":\"Toveks Bil\",\"description\":\"Hela v\u00e4gen\",\"potentialAction\":[{\"@type\":\"SearchAction\",\"target\":{\"@type\":\"EntryPoint\",\"urlTemplate\":\"https:\/\/toveksbil.se\/lastbilar\/?s={search_term_string}\"},\"query-input\":{\"@type\":\"PropertyValueSpecification\",\"valueRequired\":true,\"valueName\":\"search_term_string\"}}],\"inLanguage\":\"sv-SE\"}]}<\/script>\n<!-- \/ Yoast SEO plugin. -->","yoast_head_json":{"title":"Jobba hos oss - Toveks Bil","robots":{"index":"index","follow":"follow","max-snippet":"max-snippet:-1","max-image-preview":"max-image-preview:large","max-video-preview":"max-video-preview:-1"},"canonical":"https:\/\/toveksbil.se\/lastbilar\/mer\/jobba-hos-oss\/","twitter_card":"summary_large_image","twitter_title":"Jobba hos oss - Toveks Bil","twitter_description":"[vc_row][vc_column width=&#8221;5\/6&#8243;][vc_column_text] Jobba hos oss Vi \u00e4r alltid p\u00e5 jakt efter kompetent personal och str\u00e4var efter att attrahera, utveckla och beh\u00e5lla engagerade medarbetare. Toveks \u00e4r en stor, men samtidigt enkel, okomplicerad och familj\u00e4r organisation d\u00e4r vi har n\u00e4ra till beslut. V\u00e5r verksamhet pr\u00e4glas och styrs mycket av v\u00e5rt oerh\u00f6rt starkt varum\u00e4rke, Scania. Bra egenskaper f\u00f6r [&hellip;]","twitter_misc":{"Ber\u00e4knad l\u00e4stid":"1 minut"},"schema":{"@context":"https:\/\/schema.org","@graph":[{"@type":"WebPage","@id":"https:\/\/toveksbil.se\/lastbilar\/mer\/jobba-hos-oss\/","url":"https:\/\/toveksbil.se\/lastbilar\/mer\/jobba-hos-oss\/","name":"Jobba hos oss - Toveks Bil","isPartOf":{"@id":"https:\/\/toveksbil.se\/lastbilar\/#website"},"datePublished":"2017-09-12T06:52:48+00:00","dateModified":"2024-05-27T06:31:57+00:00","breadcrumb":{"@id":"https:\/\/toveksbil.se\/lastbilar\/mer\/jobba-hos-oss\/#breadcrumb"},"inLanguage":"sv-SE","potentialAction":[{"@type":"ReadAction","target":["https:\/\/toveksbil.se\/lastbilar\/mer\/jobba-hos-oss\/"]}]},{"@type":"BreadcrumbList","@id":"https:\/\/toveksbil.se\/lastbilar\/mer\/jobba-hos-oss\/#breadcrumb","itemListElement":[{"@type":"ListItem","position":1,"name":"Hem","item":"https:\/\/toveksbil.se\/lastbilar\/"},{"@type":"ListItem","position":2,"name":"Privat: Mer","item":"https:\/\/toveksbil.se\/lastbilar\/?page_id=383"},{"@type":"ListItem","position":3,"name":"Jobba hos oss"}]},{"@type":"WebSite","@id":"https:\/\/toveksbil.se\/lastbilar\/#website","url":"https:\/\/toveksbil.se\/lastbilar\/","name":"Toveks Bil","description":"Hela v\u00e4gen","potentialAction":[{"@type":"SearchAction","target":{"@type":"EntryPoint","urlTemplate":"https:\/\/toveksbil.se\/lastbilar\/?s={search_term_string}"},"query-input":{"@type":"PropertyValueSpecification","valueRequired":true,"valueName":"search_term_string"}}],"inLanguage":"sv-SE"}]}},"_links":{"self":[{"href":"https:\/\/toveksbil.se\/lastbilar\/wp-json\/wp\/v2\/pages\/434","targetHints":{"allow":["GET"]}}],"collection":[{"href":"https:\/\/toveksbil.se\/lastbilar\/wp-json\/wp\/v2\/pages"}],"about":[{"href":"https:\/\/toveksbil.se\/lastbilar\/wp-json\/wp\/v2\/types\/page"}],"author":[{"embeddable":true,"href":"https:\/\/toveksbil.se\/lastbilar\/wp-json\/wp\/v2\/users\/1"}],"replies":[{"embeddable":true,"href":"https:\/\/toveksbil.se\/lastbilar\/wp-json\/wp\/v2\/comments?post=434"}],"version-history":[{"count":36,"href":"https:\/\/toveksbil.se\/lastbilar\/wp-json\/wp\/v2\/pages\/434\/revisions"}],"predecessor-version":[{"id":8507,"href":"https:\/\/toveksbil.se\/lastbilar\/wp-json\/wp\/v2\/pages\/434\/revisions\/8507"}],"up":[{"embeddable":true,"href":"https:\/\/toveksbil.se\/lastbilar\/wp-json\/wp\/v2\/pages\/383"}],"wp:attachment":[{"href":"https:\/\/toveksbil.se\/lastbilar\/wp-json\/wp\/v2\/media?parent=434"}],"curies":[{"name":"wp","href":"https:\/\/api.w.org\/{rel}","templated":true}]}}