{"id":5821,"date":"2018-04-19T10:06:19","date_gmt":"2018-04-19T08:06:19","guid":{"rendered":"http:\/\/toveksbil.se\/lastbilardev\/?page_id=5821"},"modified":"2023-03-02T09:12:06","modified_gmt":"2023-03-02T08:12:06","slug":"tjanster","status":"publish","type":"page","link":"https:\/\/toveksbil.se\/lastbilar\/tjanster\/","title":{"rendered":"Tj\u00e4nster"},"content":{"rendered":"<div class=\"wpb-content-wrapper\"><p>[vc_row][vc_column][vc_column_text]<\/p>\n<h1>Tj\u00e4nster<\/h1>\n<p>Som en del Scanias koncept med uppkopplade fordon kan vi \u00e4ven erbjuda ett flertal relaterade tj\u00e4nster. De mest popul\u00e4ra \u00e4r f\u00e4rdskrivartj\u00e4nsten och v\u00e5ra olika kontrollpaket som ger v\u00e5ra kunder fullst\u00e4ndig insyn i sina fordons drift. P\u00e5 senare \u00e5r har \u00e4ven utbildning b\u00f6rjat ta mer plats och f\u00f6rarcoaching \u00e4r en popul\u00e4r produkt som ger omedelbara resultat f\u00f6r de flesta.<\/p>\n<p>Anv\u00e4nder du inga av dessa tj\u00e4nster i dag s\u00e5 kontakta oss f\u00f6r att testa. Du kan l\u00e4sa mer om detta nedan.<\/p>\n<p>[\/vc_column_text][\/vc_column][\/vc_row][vc_row][vc_column][vc_column_text]<img fetchpriority=\"high\" decoding=\"async\" class=\"alignnone size-full wp-image-6337\" src=\"https:\/\/toveksbil.se\/lastbilar\/wp-content\/uploads\/2018\/05\/appar.jpg\" alt=\"\" width=\"2400\" height=\"656\" srcset=\"https:\/\/toveksbil.se\/lastbilar\/wp-content\/uploads\/2018\/05\/appar.jpg 2400w, https:\/\/toveksbil.se\/lastbilar\/wp-content\/uploads\/2018\/05\/appar-300x82.jpg 300w, https:\/\/toveksbil.se\/lastbilar\/wp-content\/uploads\/2018\/05\/appar-768x210.jpg 768w, https:\/\/toveksbil.se\/lastbilar\/wp-content\/uploads\/2018\/05\/appar-1024x280.jpg 1024w\" sizes=\"(max-width: 2400px) 100vw, 2400px\" \/>[\/vc_column_text][\/vc_column][\/vc_row]<\/p>\n<\/div>","protected":false},"excerpt":{"rendered":"<p>[vc_row][vc_column][vc_column_text] Tj\u00e4nster Som en del Scanias koncept med uppkopplade fordon kan vi \u00e4ven erbjuda ett flertal relaterade tj\u00e4nster. De mest popul\u00e4ra \u00e4r f\u00e4rdskrivartj\u00e4nsten och v\u00e5ra olika kontrollpaket som ger v\u00e5ra kunder fullst\u00e4ndig insyn i sina fordons drift. P\u00e5 senare \u00e5r har \u00e4ven utbildning b\u00f6rjat ta mer plats och f\u00f6rarcoaching \u00e4r en popul\u00e4r produkt som ger [&hellip;]<\/p>\n","protected":false},"author":1,"featured_media":0,"parent":0,"menu_order":0,"comment_status":"closed","ping_status":"closed","template":"templates\/Dackofalg.php","meta":{"_acf_changed":false,"_exactmetrics_skip_tracking":false,"_exactmetrics_sitenote_active":false,"_exactmetrics_sitenote_note":"","_exactmetrics_sitenote_category":0,"footnotes":""},"class_list":["post-5821","page","type-page","status-publish","hentry"],"acf":[],"yoast_head":"<!-- This site is optimized with the Yoast SEO plugin v27.2 - https:\/\/yoast.com\/product\/yoast-seo-wordpress\/ -->\n<title>Tj\u00e4nster, Uppkopplade fordon, F\u00e4rdskrivartj\u00e4nst - Toveks Lastbilar<\/title>\n<meta name=\"description\" content=\"Tj\u00e4nster Som en del Scanias koncept med uppkopplade fordon kan vi \u00e4ven erbjuda ett flertal relaterade tj\u00e4nster. De mest popul\u00e4ra \u00e4r f\u00e4rdskrivartj\u00e4nsten och v\u00e5ra olika kontrollpaket som ger v\u00e5ra kunder fullst\u00e4ndig insyn i sina fordons drift.\" \/>\n<meta name=\"robots\" content=\"index, follow, max-snippet:-1, max-image-preview:large, max-video-preview:-1\" \/>\n<link rel=\"canonical\" href=\"https:\/\/toveksbil.se\/lastbilar\/tjanster\/\" \/>\n<meta name=\"twitter:card\" content=\"summary_large_image\" \/>\n<meta name=\"twitter:title\" content=\"Tj\u00e4nster, Uppkopplade fordon, F\u00e4rdskrivartj\u00e4nst - Toveks Lastbilar\" \/>\n<meta name=\"twitter:description\" content=\"Tj\u00e4nster Som en del Scanias koncept med uppkopplade fordon kan vi \u00e4ven erbjuda ett flertal relaterade tj\u00e4nster. De mest popul\u00e4ra \u00e4r f\u00e4rdskrivartj\u00e4nsten och v\u00e5ra olika kontrollpaket som ger v\u00e5ra kunder fullst\u00e4ndig insyn i sina fordons drift.\" \/>\n<meta name=\"twitter:image\" content=\"https:\/\/toveksbil.se\/lastbilar\/wp-content\/uploads\/2018\/05\/appar.jpg\" \/>\n<meta name=\"twitter:label1\" content=\"Ber\u00e4knad l\u00e4stid\" \/>\n\t<meta name=\"twitter:data1\" content=\"1 minut\" \/>\n<script type=\"application\/ld+json\" class=\"yoast-schema-graph\">{\"@context\":\"https:\/\/schema.org\",\"@graph\":[{\"@type\":\"WebPage\",\"@id\":\"https:\/\/toveksbil.se\/lastbilar\/tjanster\/\",\"url\":\"https:\/\/toveksbil.se\/lastbilar\/tjanster\/\",\"name\":\"Tj\u00e4nster, Uppkopplade fordon, F\u00e4rdskrivartj\u00e4nst - Toveks Lastbilar\",\"isPartOf\":{\"@id\":\"https:\/\/toveksbil.se\/lastbilar\/#website\"},\"primaryImageOfPage\":{\"@id\":\"https:\/\/toveksbil.se\/lastbilar\/tjanster\/#primaryimage\"},\"image\":{\"@id\":\"https:\/\/toveksbil.se\/lastbilar\/tjanster\/#primaryimage\"},\"thumbnailUrl\":\"https:\/\/toveksbil.se\/lastbilar\/wp-content\/uploads\/2018\/05\/appar.jpg\",\"datePublished\":\"2018-04-19T08:06:19+00:00\",\"dateModified\":\"2023-03-02T08:12:06+00:00\",\"description\":\"Tj\u00e4nster Som en del Scanias koncept med uppkopplade fordon kan vi \u00e4ven erbjuda ett flertal relaterade tj\u00e4nster. De mest popul\u00e4ra \u00e4r f\u00e4rdskrivartj\u00e4nsten och v\u00e5ra olika kontrollpaket som ger v\u00e5ra kunder fullst\u00e4ndig insyn i sina fordons drift.\",\"breadcrumb\":{\"@id\":\"https:\/\/toveksbil.se\/lastbilar\/tjanster\/#breadcrumb\"},\"inLanguage\":\"sv-SE\",\"potentialAction\":[{\"@type\":\"ReadAction\",\"target\":[\"https:\/\/toveksbil.se\/lastbilar\/tjanster\/\"]}]},{\"@type\":\"ImageObject\",\"inLanguage\":\"sv-SE\",\"@id\":\"https:\/\/toveksbil.se\/lastbilar\/tjanster\/#primaryimage\",\"url\":\"https:\/\/toveksbil.se\/lastbilar\/wp-content\/uploads\/2018\/05\/appar.jpg\",\"contentUrl\":\"https:\/\/toveksbil.se\/lastbilar\/wp-content\/uploads\/2018\/05\/appar.jpg\",\"width\":\"2400\",\"height\":\"656\"},{\"@type\":\"BreadcrumbList\",\"@id\":\"https:\/\/toveksbil.se\/lastbilar\/tjanster\/#breadcrumb\",\"itemListElement\":[{\"@type\":\"ListItem\",\"position\":1,\"name\":\"Hem\",\"item\":\"https:\/\/toveksbil.se\/lastbilar\/\"},{\"@type\":\"ListItem\",\"position\":2,\"name\":\"Tj\u00e4nster\"}]},{\"@type\":\"WebSite\",\"@id\":\"https:\/\/toveksbil.se\/lastbilar\/#website\",\"url\":\"https:\/\/toveksbil.se\/lastbilar\/\",\"name\":\"Toveks Bil\",\"description\":\"Hela v\u00e4gen\",\"potentialAction\":[{\"@type\":\"SearchAction\",\"target\":{\"@type\":\"EntryPoint\",\"urlTemplate\":\"https:\/\/toveksbil.se\/lastbilar\/?s={search_term_string}\"},\"query-input\":{\"@type\":\"PropertyValueSpecification\",\"valueRequired\":true,\"valueName\":\"search_term_string\"}}],\"inLanguage\":\"sv-SE\"}]}<\/script>\n<!-- \/ Yoast SEO plugin. -->","yoast_head_json":{"title":"Tj\u00e4nster, Uppkopplade fordon, F\u00e4rdskrivartj\u00e4nst - Toveks Lastbilar","description":"Tj\u00e4nster Som en del Scanias koncept med uppkopplade fordon kan vi \u00e4ven erbjuda ett flertal relaterade tj\u00e4nster. De mest popul\u00e4ra \u00e4r f\u00e4rdskrivartj\u00e4nsten och v\u00e5ra olika kontrollpaket som ger v\u00e5ra kunder fullst\u00e4ndig insyn i sina fordons drift.","robots":{"index":"index","follow":"follow","max-snippet":"max-snippet:-1","max-image-preview":"max-image-preview:large","max-video-preview":"max-video-preview:-1"},"canonical":"https:\/\/toveksbil.se\/lastbilar\/tjanster\/","twitter_card":"summary_large_image","twitter_title":"Tj\u00e4nster, Uppkopplade fordon, F\u00e4rdskrivartj\u00e4nst - Toveks Lastbilar","twitter_description":"Tj\u00e4nster Som en del Scanias koncept med uppkopplade fordon kan vi \u00e4ven erbjuda ett flertal relaterade tj\u00e4nster. De mest popul\u00e4ra \u00e4r f\u00e4rdskrivartj\u00e4nsten och v\u00e5ra olika kontrollpaket som ger v\u00e5ra kunder fullst\u00e4ndig insyn i sina fordons drift.","twitter_image":"https:\/\/toveksbil.se\/lastbilar\/wp-content\/uploads\/2018\/05\/appar.jpg","twitter_misc":{"Ber\u00e4knad l\u00e4stid":"1 minut"},"schema":{"@context":"https:\/\/schema.org","@graph":[{"@type":"WebPage","@id":"https:\/\/toveksbil.se\/lastbilar\/tjanster\/","url":"https:\/\/toveksbil.se\/lastbilar\/tjanster\/","name":"Tj\u00e4nster, Uppkopplade fordon, F\u00e4rdskrivartj\u00e4nst - Toveks Lastbilar","isPartOf":{"@id":"https:\/\/toveksbil.se\/lastbilar\/#website"},"primaryImageOfPage":{"@id":"https:\/\/toveksbil.se\/lastbilar\/tjanster\/#primaryimage"},"image":{"@id":"https:\/\/toveksbil.se\/lastbilar\/tjanster\/#primaryimage"},"thumbnailUrl":"https:\/\/toveksbil.se\/lastbilar\/wp-content\/uploads\/2018\/05\/appar.jpg","datePublished":"2018-04-19T08:06:19+00:00","dateModified":"2023-03-02T08:12:06+00:00","description":"Tj\u00e4nster Som en del Scanias koncept med uppkopplade fordon kan vi \u00e4ven erbjuda ett flertal relaterade tj\u00e4nster. De mest popul\u00e4ra \u00e4r f\u00e4rdskrivartj\u00e4nsten och v\u00e5ra olika kontrollpaket som ger v\u00e5ra kunder fullst\u00e4ndig insyn i sina fordons drift.","breadcrumb":{"@id":"https:\/\/toveksbil.se\/lastbilar\/tjanster\/#breadcrumb"},"inLanguage":"sv-SE","potentialAction":[{"@type":"ReadAction","target":["https:\/\/toveksbil.se\/lastbilar\/tjanster\/"]}]},{"@type":"ImageObject","inLanguage":"sv-SE","@id":"https:\/\/toveksbil.se\/lastbilar\/tjanster\/#primaryimage","url":"https:\/\/toveksbil.se\/lastbilar\/wp-content\/uploads\/2018\/05\/appar.jpg","contentUrl":"https:\/\/toveksbil.se\/lastbilar\/wp-content\/uploads\/2018\/05\/appar.jpg","width":"2400","height":"656"},{"@type":"BreadcrumbList","@id":"https:\/\/toveksbil.se\/lastbilar\/tjanster\/#breadcrumb","itemListElement":[{"@type":"ListItem","position":1,"name":"Hem","item":"https:\/\/toveksbil.se\/lastbilar\/"},{"@type":"ListItem","position":2,"name":"Tj\u00e4nster"}]},{"@type":"WebSite","@id":"https:\/\/toveksbil.se\/lastbilar\/#website","url":"https:\/\/toveksbil.se\/lastbilar\/","name":"Toveks Bil","description":"Hela v\u00e4gen","potentialAction":[{"@type":"SearchAction","target":{"@type":"EntryPoint","urlTemplate":"https:\/\/toveksbil.se\/lastbilar\/?s={search_term_string}"},"query-input":{"@type":"PropertyValueSpecification","valueRequired":true,"valueName":"search_term_string"}}],"inLanguage":"sv-SE"}]}},"_links":{"self":[{"href":"https:\/\/toveksbil.se\/lastbilar\/wp-json\/wp\/v2\/pages\/5821","targetHints":{"allow":["GET"]}}],"collection":[{"href":"https:\/\/toveksbil.se\/lastbilar\/wp-json\/wp\/v2\/pages"}],"about":[{"href":"https:\/\/toveksbil.se\/lastbilar\/wp-json\/wp\/v2\/types\/page"}],"author":[{"embeddable":true,"href":"https:\/\/toveksbil.se\/lastbilar\/wp-json\/wp\/v2\/users\/1"}],"replies":[{"embeddable":true,"href":"https:\/\/toveksbil.se\/lastbilar\/wp-json\/wp\/v2\/comments?post=5821"}],"version-history":[{"count":18,"href":"https:\/\/toveksbil.se\/lastbilar\/wp-json\/wp\/v2\/pages\/5821\/revisions"}],"predecessor-version":[{"id":8136,"href":"https:\/\/toveksbil.se\/lastbilar\/wp-json\/wp\/v2\/pages\/5821\/revisions\/8136"}],"wp:attachment":[{"href":"https:\/\/toveksbil.se\/lastbilar\/wp-json\/wp\/v2\/media?parent=5821"}],"curies":[{"name":"wp","href":"https:\/\/api.w.org\/{rel}","templated":true}]}}