{"id":5840,"date":"2018-04-19T13:53:16","date_gmt":"2018-04-19T11:53:16","guid":{"rendered":"http:\/\/toveksbil.se\/lastbilardev\/?page_id=5840"},"modified":"2021-10-06T08:48:53","modified_gmt":"2021-10-06T06:48:53","slug":"scania-fleet-management","status":"publish","type":"page","link":"https:\/\/toveksbil.se\/lastbilar\/scania-fleet-management\/","title":{"rendered":"Scania Fleet Management"},"content":{"rendered":"<div class=\"wpb-content-wrapper\"><p>[vc_row][vc_column width=&#8221;3\/4&#8243;][vc_column_text]<\/p>\n<h1>Scania Fleet Management<\/h1>\n<p>Den data som samlas in i Scanialastbilarna ger v\u00e4rdefull inblick i k\u00f6rstilar, produktivitet och ekonomi. Den h\u00e4r graden av sp\u00e5rning och diagnostik kan ge viktiga f\u00f6rdelar s\u00e5som h\u00f6gre fordonstillg\u00e4nglighet, b\u00e4ttre s\u00e4kerhet och l\u00e4gre driftkostnader.<\/p>\n<p>Med Scania Fleet Management Portal f\u00e5r du tillg\u00e5ng till betydligt mer information och fler insikter \u00e4n de kostnadsfria uppf\u00f6ljningsrapporterna. Du f\u00e5r information om allt fr\u00e5n grundl\u00e4ggande n\u00f6dv\u00e4ndigheter som fordonets position i realtid, fordonets prestanda och milj\u00f6rapporter med information om dina CO2-utsl\u00e4pp till serviceplanering och felrapporter. Du f\u00e5r \u00e4ven tillg\u00e5ng till den f\u00f6rarutv\u00e4rdering som hj\u00e4lper dig att snabbt identifiera de m\u00f6jliga f\u00f6rb\u00e4ttringar i fordonsanv\u00e4ndningen som kan genomf\u00f6ras med hj\u00e4lp av f\u00f6rarutbildningar och f\u00f6rarcoachningar.[\/vc_column_text][\/vc_column][vc_column width=&#8221;1\/4&#8243;][\/vc_column][\/vc_row][vc_row][vc_column width=&#8221;1\/2&#8243;][vc_column_text el_class=&#8221;knappar&#8221;]<\/p>\n<h2 class=\"item-title\" style=\"text-align: left;\">F\u00f6rdelar och funktioner<\/h2>\n<ul>\n<li style=\"text-align: left;\">Serviceplanering<\/li>\n<li>Felrapportering<\/li>\n<li>Webbaserad portal, tillg\u00e4nglig dygnet runt alla dagar<\/li>\n<li>Fordonsprestanda<\/li>\n<li>Positionering i realtid<\/li>\n<li>K\u00f6rtid<\/li>\n<li>Milj\u00f6rapporter<\/li>\n<li>F\u00f6rarutv\u00e4rdering<\/li>\n<li>Geofencefunktion<\/li>\n<li>Smartphoneapp f\u00f6r Android och iOS-enheter<\/li>\n<li>M\u00f6jlighet att anpassa h\u00e4ndelser och larm<\/li>\n<\/ul>\n<p>[\/vc_column_text][\/vc_column][vc_column width=&#8221;1\/2&#8243;][vc_column_text el_class=&#8221;knappar&#8221;]<img fetchpriority=\"high\" decoding=\"async\" class=\"alignnone size-full wp-image-7658\" src=\"http:\/\/toveksbil.se\/lastbilar\/wp-content\/uploads\/2021\/10\/Scania-Fleet-Management.jpeg\" alt=\"\" width=\"768\" height=\"576\" srcset=\"https:\/\/toveksbil.se\/lastbilar\/wp-content\/uploads\/2021\/10\/Scania-Fleet-Management.jpeg 768w, https:\/\/toveksbil.se\/lastbilar\/wp-content\/uploads\/2021\/10\/Scania-Fleet-Management-300x225.jpeg 300w\" sizes=\"(max-width: 768px) 100vw, 768px\" \/>[\/vc_column_text][\/vc_column][\/vc_row][vc_row][vc_column][vc_column_text]<\/p>\n<hr \/>\n<h2>Kontakt<\/h2>\n<p>[\/vc_column_text][\/vc_column][\/vc_row][vc_row][vc_column width=&#8221;1\/4&#8243;][vc_column_text]<img decoding=\"async\" class=\"alignnone size-medium wp-image-5477\" src=\"https:\/\/toveksbil.se\/lastbilar\/wp-content\/uploads\/2018\/04\/Bengt-Bj\u00f6rk-227x300.jpg\" alt=\"\" width=\"227\" height=\"300\" srcset=\"https:\/\/toveksbil.se\/lastbilar\/wp-content\/uploads\/2018\/04\/Bengt-Bj\u00f6rk-227x300.jpg 227w, https:\/\/toveksbil.se\/lastbilar\/wp-content\/uploads\/2018\/04\/Bengt-Bj\u00f6rk.jpg 300w\" sizes=\"(max-width: 227px) 100vw, 227px\" \/><\/p>\n<p><strong>Bengt Bj\u00f6rk<\/strong><br \/>\n<em>Serviceavtalss\u00e4ljare<\/em><br \/>\n<a href=\"tel:0500-427909\">0500-427909<\/a><br \/>\n<a href=\"mailto:bengt.bjork@toveksbil.se\">bengt.bjork@toveksbil.se<\/a>[\/vc_column_text][\/vc_column][vc_column width=&#8221;1\/4&#8243;][\/vc_column][vc_column width=&#8221;1\/4&#8243;][\/vc_column][vc_column width=&#8221;1\/4&#8243;][\/vc_column][\/vc_row]<\/p>\n<\/div>","protected":false},"excerpt":{"rendered":"<p>[vc_row][vc_column width=&#8221;3\/4&#8243;][vc_column_text] Scania Fleet Management Den data som samlas in i Scanialastbilarna ger v\u00e4rdefull inblick i k\u00f6rstilar, produktivitet och ekonomi. Den h\u00e4r graden av sp\u00e5rning och diagnostik kan ge viktiga f\u00f6rdelar s\u00e5som h\u00f6gre fordonstillg\u00e4nglighet, b\u00e4ttre s\u00e4kerhet och l\u00e4gre driftkostnader. Med Scania Fleet Management Portal f\u00e5r du tillg\u00e5ng till betydligt mer information och fler insikter \u00e4n [&hellip;]<\/p>\n","protected":false},"author":1,"featured_media":0,"parent":0,"menu_order":0,"comment_status":"closed","ping_status":"closed","template":"templates\/Reservdelar.php","meta":{"_acf_changed":false,"_exactmetrics_skip_tracking":false,"_exactmetrics_sitenote_active":false,"_exactmetrics_sitenote_note":"","_exactmetrics_sitenote_category":0,"footnotes":""},"class_list":["post-5840","page","type-page","status-publish","hentry"],"acf":[],"yoast_head":"<!-- This site is optimized with the Yoast SEO plugin v27.2 - https:\/\/yoast.com\/product\/yoast-seo-wordpress\/ -->\n<title>Scania Fleet Management - Toveks Lastbilar Sverige<\/title>\n<meta name=\"description\" content=\"Scania Fleet Management Den data som samlas in i Scanialastbilarna ger v\u00e4rdefull inblick i k\u00f6rstilar, produktivitet och ekonomi. Den h\u00e4r graden av sp\u00e5rning och diagnostik kan ge viktiga f\u00f6rdelar s\u00e5som h\u00f6gre fordonstillg\u00e4nglighet, b\u00e4ttre s\u00e4kerhet och l\u00e4gre driftkostnader.\" \/>\n<meta name=\"robots\" content=\"index, follow, max-snippet:-1, max-image-preview:large, max-video-preview:-1\" \/>\n<link rel=\"canonical\" href=\"https:\/\/toveksbil.se\/lastbilar\/scania-fleet-management\/\" \/>\n<meta name=\"twitter:card\" content=\"summary_large_image\" \/>\n<meta name=\"twitter:title\" content=\"Scania Fleet Management - Toveks Lastbilar Sverige\" \/>\n<meta name=\"twitter:description\" content=\"Scania Fleet Management Den data som samlas in i Scanialastbilarna ger v\u00e4rdefull inblick i k\u00f6rstilar, produktivitet och ekonomi. Den h\u00e4r graden av sp\u00e5rning och diagnostik kan ge viktiga f\u00f6rdelar s\u00e5som h\u00f6gre fordonstillg\u00e4nglighet, b\u00e4ttre s\u00e4kerhet och l\u00e4gre driftkostnader.\" \/>\n<meta name=\"twitter:image\" content=\"https:\/\/toveksbil.se\/lastbilar\/wp-content\/uploads\/2021\/10\/Scania-Fleet-Management.jpeg\" \/>\n<meta name=\"twitter:label1\" content=\"Ber\u00e4knad l\u00e4stid\" \/>\n\t<meta name=\"twitter:data1\" content=\"1 minut\" \/>\n<script type=\"application\/ld+json\" class=\"yoast-schema-graph\">{\"@context\":\"https:\/\/schema.org\",\"@graph\":[{\"@type\":\"WebPage\",\"@id\":\"https:\/\/toveksbil.se\/lastbilar\/scania-fleet-management\/\",\"url\":\"https:\/\/toveksbil.se\/lastbilar\/scania-fleet-management\/\",\"name\":\"Scania Fleet Management - Toveks Lastbilar Sverige\",\"isPartOf\":{\"@id\":\"https:\/\/toveksbil.se\/lastbilar\/#website\"},\"primaryImageOfPage\":{\"@id\":\"https:\/\/toveksbil.se\/lastbilar\/scania-fleet-management\/#primaryimage\"},\"image\":{\"@id\":\"https:\/\/toveksbil.se\/lastbilar\/scania-fleet-management\/#primaryimage\"},\"thumbnailUrl\":\"http:\/\/toveksbil.se\/lastbilar\/wp-content\/uploads\/2021\/10\/Scania-Fleet-Management.jpeg\",\"datePublished\":\"2018-04-19T11:53:16+00:00\",\"dateModified\":\"2021-10-06T06:48:53+00:00\",\"description\":\"Scania Fleet Management Den data som samlas in i Scanialastbilarna ger v\u00e4rdefull inblick i k\u00f6rstilar, produktivitet och ekonomi. Den h\u00e4r graden av sp\u00e5rning och diagnostik kan ge viktiga f\u00f6rdelar s\u00e5som h\u00f6gre fordonstillg\u00e4nglighet, b\u00e4ttre s\u00e4kerhet och l\u00e4gre driftkostnader.\",\"breadcrumb\":{\"@id\":\"https:\/\/toveksbil.se\/lastbilar\/scania-fleet-management\/#breadcrumb\"},\"inLanguage\":\"sv-SE\",\"potentialAction\":[{\"@type\":\"ReadAction\",\"target\":[\"https:\/\/toveksbil.se\/lastbilar\/scania-fleet-management\/\"]}]},{\"@type\":\"ImageObject\",\"inLanguage\":\"sv-SE\",\"@id\":\"https:\/\/toveksbil.se\/lastbilar\/scania-fleet-management\/#primaryimage\",\"url\":\"https:\/\/toveksbil.se\/lastbilar\/wp-content\/uploads\/2021\/10\/Scania-Fleet-Management.jpeg\",\"contentUrl\":\"https:\/\/toveksbil.se\/lastbilar\/wp-content\/uploads\/2021\/10\/Scania-Fleet-Management.jpeg\",\"width\":768,\"height\":576},{\"@type\":\"BreadcrumbList\",\"@id\":\"https:\/\/toveksbil.se\/lastbilar\/scania-fleet-management\/#breadcrumb\",\"itemListElement\":[{\"@type\":\"ListItem\",\"position\":1,\"name\":\"Hem\",\"item\":\"https:\/\/toveksbil.se\/lastbilar\/\"},{\"@type\":\"ListItem\",\"position\":2,\"name\":\"Scania Fleet Management\"}]},{\"@type\":\"WebSite\",\"@id\":\"https:\/\/toveksbil.se\/lastbilar\/#website\",\"url\":\"https:\/\/toveksbil.se\/lastbilar\/\",\"name\":\"Toveks Bil\",\"description\":\"Hela v\u00e4gen\",\"potentialAction\":[{\"@type\":\"SearchAction\",\"target\":{\"@type\":\"EntryPoint\",\"urlTemplate\":\"https:\/\/toveksbil.se\/lastbilar\/?s={search_term_string}\"},\"query-input\":{\"@type\":\"PropertyValueSpecification\",\"valueRequired\":true,\"valueName\":\"search_term_string\"}}],\"inLanguage\":\"sv-SE\"}]}<\/script>\n<!-- \/ Yoast SEO plugin. -->","yoast_head_json":{"title":"Scania Fleet Management - Toveks Lastbilar Sverige","description":"Scania Fleet Management Den data som samlas in i Scanialastbilarna ger v\u00e4rdefull inblick i k\u00f6rstilar, produktivitet och ekonomi. Den h\u00e4r graden av sp\u00e5rning och diagnostik kan ge viktiga f\u00f6rdelar s\u00e5som h\u00f6gre fordonstillg\u00e4nglighet, b\u00e4ttre s\u00e4kerhet och l\u00e4gre driftkostnader.","robots":{"index":"index","follow":"follow","max-snippet":"max-snippet:-1","max-image-preview":"max-image-preview:large","max-video-preview":"max-video-preview:-1"},"canonical":"https:\/\/toveksbil.se\/lastbilar\/scania-fleet-management\/","twitter_card":"summary_large_image","twitter_title":"Scania Fleet Management - Toveks Lastbilar Sverige","twitter_description":"Scania Fleet Management Den data som samlas in i Scanialastbilarna ger v\u00e4rdefull inblick i k\u00f6rstilar, produktivitet och ekonomi. Den h\u00e4r graden av sp\u00e5rning och diagnostik kan ge viktiga f\u00f6rdelar s\u00e5som h\u00f6gre fordonstillg\u00e4nglighet, b\u00e4ttre s\u00e4kerhet och l\u00e4gre driftkostnader.","twitter_image":"https:\/\/toveksbil.se\/lastbilar\/wp-content\/uploads\/2021\/10\/Scania-Fleet-Management.jpeg","twitter_misc":{"Ber\u00e4knad l\u00e4stid":"1 minut"},"schema":{"@context":"https:\/\/schema.org","@graph":[{"@type":"WebPage","@id":"https:\/\/toveksbil.se\/lastbilar\/scania-fleet-management\/","url":"https:\/\/toveksbil.se\/lastbilar\/scania-fleet-management\/","name":"Scania Fleet Management - Toveks Lastbilar Sverige","isPartOf":{"@id":"https:\/\/toveksbil.se\/lastbilar\/#website"},"primaryImageOfPage":{"@id":"https:\/\/toveksbil.se\/lastbilar\/scania-fleet-management\/#primaryimage"},"image":{"@id":"https:\/\/toveksbil.se\/lastbilar\/scania-fleet-management\/#primaryimage"},"thumbnailUrl":"http:\/\/toveksbil.se\/lastbilar\/wp-content\/uploads\/2021\/10\/Scania-Fleet-Management.jpeg","datePublished":"2018-04-19T11:53:16+00:00","dateModified":"2021-10-06T06:48:53+00:00","description":"Scania Fleet Management Den data som samlas in i Scanialastbilarna ger v\u00e4rdefull inblick i k\u00f6rstilar, produktivitet och ekonomi. Den h\u00e4r graden av sp\u00e5rning och diagnostik kan ge viktiga f\u00f6rdelar s\u00e5som h\u00f6gre fordonstillg\u00e4nglighet, b\u00e4ttre s\u00e4kerhet och l\u00e4gre driftkostnader.","breadcrumb":{"@id":"https:\/\/toveksbil.se\/lastbilar\/scania-fleet-management\/#breadcrumb"},"inLanguage":"sv-SE","potentialAction":[{"@type":"ReadAction","target":["https:\/\/toveksbil.se\/lastbilar\/scania-fleet-management\/"]}]},{"@type":"ImageObject","inLanguage":"sv-SE","@id":"https:\/\/toveksbil.se\/lastbilar\/scania-fleet-management\/#primaryimage","url":"https:\/\/toveksbil.se\/lastbilar\/wp-content\/uploads\/2021\/10\/Scania-Fleet-Management.jpeg","contentUrl":"https:\/\/toveksbil.se\/lastbilar\/wp-content\/uploads\/2021\/10\/Scania-Fleet-Management.jpeg","width":768,"height":576},{"@type":"BreadcrumbList","@id":"https:\/\/toveksbil.se\/lastbilar\/scania-fleet-management\/#breadcrumb","itemListElement":[{"@type":"ListItem","position":1,"name":"Hem","item":"https:\/\/toveksbil.se\/lastbilar\/"},{"@type":"ListItem","position":2,"name":"Scania Fleet Management"}]},{"@type":"WebSite","@id":"https:\/\/toveksbil.se\/lastbilar\/#website","url":"https:\/\/toveksbil.se\/lastbilar\/","name":"Toveks Bil","description":"Hela v\u00e4gen","potentialAction":[{"@type":"SearchAction","target":{"@type":"EntryPoint","urlTemplate":"https:\/\/toveksbil.se\/lastbilar\/?s={search_term_string}"},"query-input":{"@type":"PropertyValueSpecification","valueRequired":true,"valueName":"search_term_string"}}],"inLanguage":"sv-SE"}]}},"_links":{"self":[{"href":"https:\/\/toveksbil.se\/lastbilar\/wp-json\/wp\/v2\/pages\/5840","targetHints":{"allow":["GET"]}}],"collection":[{"href":"https:\/\/toveksbil.se\/lastbilar\/wp-json\/wp\/v2\/pages"}],"about":[{"href":"https:\/\/toveksbil.se\/lastbilar\/wp-json\/wp\/v2\/types\/page"}],"author":[{"embeddable":true,"href":"https:\/\/toveksbil.se\/lastbilar\/wp-json\/wp\/v2\/users\/1"}],"replies":[{"embeddable":true,"href":"https:\/\/toveksbil.se\/lastbilar\/wp-json\/wp\/v2\/comments?post=5840"}],"version-history":[{"count":37,"href":"https:\/\/toveksbil.se\/lastbilar\/wp-json\/wp\/v2\/pages\/5840\/revisions"}],"predecessor-version":[{"id":7661,"href":"https:\/\/toveksbil.se\/lastbilar\/wp-json\/wp\/v2\/pages\/5840\/revisions\/7661"}],"wp:attachment":[{"href":"https:\/\/toveksbil.se\/lastbilar\/wp-json\/wp\/v2\/media?parent=5840"}],"curies":[{"name":"wp","href":"https:\/\/api.w.org\/{rel}","templated":true}]}}