{"id":6382,"date":"2018-05-23T16:22:14","date_gmt":"2018-05-23T14:22:14","guid":{"rendered":"http:\/\/toveksbil.se\/lastbilardev\/?page_id=6382"},"modified":"2018-12-05T14:16:15","modified_gmt":"2018-12-05T13:16:15","slug":"reservdelar-kontakt","status":"publish","type":"page","link":"https:\/\/toveksbil.se\/lastbilar\/reservdelar-kontakt\/","title":{"rendered":"Reservdelar kontakt"},"content":{"rendered":"<h1>Personal Reservdelar &amp; Tillbeh\u00f6r<\/h1>\n<div class=\"city-container\" data-id=\"519\"><div class=\"city-container-header\" data-id=\"519\"><h3 class=\"staff-city-header\" id=\"519\">Falk\u00f6ping<\/h3><span class=\"staff-city-expand-button\" data-id=\"519\">Visa personal <i class=\"fa fa-angle-down\" aria-hidden=\"true\"><\/i><\/span><div style=\"clear:both;\"><\/div><\/div><div class=\"row personal-wrap\" id=\"city519\"><a class=\"orten\" href=\"https:\/\/toveksbil.se\/lastbilar\/falkoping\">Till kontaktsida<\/a><div class=\"opening-hours\"><i class=\"fa fa-clock-o\" aria-hidden=\"true\"><\/i> M\u00e5ndag-Tisdag, Torsdag-Fredag: 7:00-16:00 <br \/>\r\nOnsdag: 7.00-19:30<br \/>\r\nL\u00f6rdag: 6:30-12:00<br \/><a href=\"https:\/\/toveksbil.se\/lastbilar\/avvikande-oppettider\/\" class=\"irregular-opening-hours\">Avvikande \u00f6ppettider<\/a><\/div><div class=\"wpb_column vc_column_container vc_col-sm-2 personal-item\"><div class=\"vc_column-inner\"><img decoding=\"async\" src=\"https:\/\/toveksbil.se\/lastbilar\/wp-content\/uploads\/2024\/02\/Lisa.jpg\" alt=\"Lisa S\u00f6dergren\" \/><div class=\"personal-text\"><p class=\"carlist\"><\/p><h3>Lisa S\u00f6dergren<\/h3><p><span style=\"font-style: italic\">Kundmottagare \/Reservdelskvinna<\/span><br \/><img decoding=\"async\" src=\"https:\/\/toveksbil.se\/lastbilar\/wp-content\/themes\/Toveks\/img\/tel-ikon.png\" alt=\"Telefon\"><a href=\"tel:0515-89621\">0515-89621<\/a><br \/><img decoding=\"async\" src=\"https:\/\/toveksbil.se\/lastbilar\/wp-content\/themes\/Toveks\/img\/mail-ikon.png\" alt=\"E-post\"><a href=\"mailto:lisa.sodergren@toveksbil.se\">Maila<\/a><\/p><\/div><\/div><\/div><div class=\"wpb_column vc_column_container vc_col-sm-2 personal-item\"><div class=\"vc_column-inner\"><img decoding=\"async\" src=\"https:\/\/toveksbil.se\/lastbilar\/wp-content\/uploads\/2025\/05\/Dala-3.jpg\" alt=\"Mikael Konculic\" \/><div class=\"personal-text\"><p class=\"carlist\"><\/p><h3>Mikael Konculic<\/h3><p><span style=\"font-style: italic\">Reservdelsman<\/span><br \/><img decoding=\"async\" src=\"https:\/\/toveksbil.se\/lastbilar\/wp-content\/themes\/Toveks\/img\/tel-ikon.png\" alt=\"Telefon\"><a href=\"tel:0515-89611\">0515-89611<\/a><br \/><img decoding=\"async\" src=\"https:\/\/toveksbil.se\/lastbilar\/wp-content\/themes\/Toveks\/img\/mail-ikon.png\" alt=\"E-post\"><a href=\"mailto:mikael.konculic@toveksbil.se\">Maila<\/a><\/p><\/div><\/div><\/div><\/div><div style=\"clear:both;\"><\/div><\/div><div class=\"city-container\" data-id=\"521\"><div class=\"city-container-header\" data-id=\"521\"><h3 class=\"staff-city-header\" id=\"521\">Lidk\u00f6ping<\/h3><span class=\"staff-city-expand-button\" data-id=\"521\">Visa personal <i class=\"fa fa-angle-down\" aria-hidden=\"true\"><\/i><\/span><div style=\"clear:both;\"><\/div><\/div><div class=\"row personal-wrap\" id=\"city521\"><a class=\"orten\" href=\"https:\/\/toveksbil.se\/lastbilar\/lidkoping\">Till kontaktsida<\/a><div class=\"opening-hours\"><i class=\"fa fa-clock-o\" aria-hidden=\"true\"><\/i> M\u00e5ndag-Fredag: 7:00-16:00 <i><\/i><br \/>\r\nL\u00f6rdag: 7:00-15:00<br \/><a href=\"https:\/\/toveksbil.se\/lastbilar\/avvikande-oppettider\/\" class=\"irregular-opening-hours\">Avvikande \u00f6ppettider<\/a><\/div><div class=\"wpb_column vc_column_container vc_col-sm-2 personal-item\"><div class=\"vc_column-inner\"><img decoding=\"async\" src=\"https:\/\/toveksbil.se\/lastbilar\/wp-content\/uploads\/2024\/02\/S-Ahs-2024.jpg\" alt=\"Sebastian \u00c5hs\" \/><div class=\"personal-text\"><p class=\"carlist\"><\/p><h3>Sebastian \u00c5hs<\/h3><p><span style=\"font-style: italic\">Servicechef<\/span><br \/><img decoding=\"async\" src=\"https:\/\/toveksbil.se\/lastbilar\/wp-content\/themes\/Toveks\/img\/tel-ikon.png\" alt=\"Telefon\"><a href=\"tel:0510-68892\">0510-68892<\/a><br \/><img decoding=\"async\" src=\"https:\/\/toveksbil.se\/lastbilar\/wp-content\/themes\/Toveks\/img\/mail-ikon.png\" alt=\"E-post\"><a href=\"mailto:sebastian.ahs@toveksbil.se\">Maila<\/a><\/p><\/div><\/div><\/div><div class=\"wpb_column vc_column_container vc_col-sm-2 personal-item\"><div class=\"vc_column-inner\"><img decoding=\"async\" src=\"https:\/\/toveksbil.se\/lastbilar\/wp-content\/themes\/Toveks\/img\/ingen-bild.png\" alt=\"Sebastian Lindberg\" \/><div class=\"personal-text\"><p class=\"carlist\"><\/p><h3>Sebastian Lindberg<\/h3><p><span style=\"font-style: italic\">Reservdelsman<\/span><br \/><img decoding=\"async\" src=\"https:\/\/toveksbil.se\/lastbilar\/wp-content\/themes\/Toveks\/img\/tel-ikon.png\" alt=\"Telefon\"><a href=\"tel:0510-68893\">0510-68893<\/a><br \/><img decoding=\"async\" src=\"https:\/\/toveksbil.se\/lastbilar\/wp-content\/themes\/Toveks\/img\/mail-ikon.png\" alt=\"E-post\"><a href=\"mailto:sebastian.lindberg@toveksbil.se\">Maila<\/a><\/p><\/div><\/div><\/div><\/div><div style=\"clear:both;\"><\/div><\/div><div class=\"city-container\" data-id=\"523\"><div class=\"city-container-header\" data-id=\"523\"><h3 class=\"staff-city-header\" id=\"523\">Mariestad<\/h3><span class=\"staff-city-expand-button\" data-id=\"523\">Visa personal <i class=\"fa fa-angle-down\" aria-hidden=\"true\"><\/i><\/span><div style=\"clear:both;\"><\/div><\/div><div class=\"row personal-wrap\" id=\"city523\"><a class=\"orten\" href=\"https:\/\/toveksbil.se\/lastbilar\/mariestad\">Till kontaktsida<\/a><div class=\"opening-hours\"><i class=\"fa fa-clock-o\" aria-hidden=\"true\"><\/i> M\u00e5ndag-Fredag: 07-16<br \/>\r\n<i><\/i><br \/>\r\n<br \/><a href=\"https:\/\/toveksbil.se\/lastbilar\/avvikande-oppettider\/\" class=\"irregular-opening-hours\">Avvikande \u00f6ppettider<\/a><\/div><div class=\"wpb_column vc_column_container vc_col-sm-2 personal-item\"><div class=\"vc_column-inner\"><img decoding=\"async\" src=\"https:\/\/toveksbil.se\/lastbilar\/wp-content\/uploads\/2024\/09\/Jesper-Nystrom-LB.jpg\" alt=\"Jesper Nystr\u00f6m\" \/><div class=\"personal-text\"><p class=\"carlist\"><\/p><h3>Jesper Nystr\u00f6m<\/h3><p><span style=\"font-style: italic\">Reservdelsman<\/span><br \/><img decoding=\"async\" src=\"https:\/\/toveksbil.se\/lastbilar\/wp-content\/themes\/Toveks\/img\/tel-ikon.png\" alt=\"Telefon\"><a href=\"tel:0501-67982\">0501-67982<\/a><br \/><img decoding=\"async\" src=\"https:\/\/toveksbil.se\/lastbilar\/wp-content\/themes\/Toveks\/img\/mail-ikon.png\" alt=\"E-post\"><a href=\"mailto:jesper.nystrom@toveksbil.se\">Maila<\/a><\/p><\/div><\/div><\/div><\/div><div style=\"clear:both;\"><\/div><\/div><div class=\"city-container\" data-id=\"8587\"><div class=\"city-container-header\" data-id=\"8587\"><h3 class=\"staff-city-header\" id=\"8587\">Motala<\/h3><span class=\"staff-city-expand-button\" data-id=\"8587\">Visa personal <i class=\"fa fa-angle-down\" aria-hidden=\"true\"><\/i><\/span><div style=\"clear:both;\"><\/div><\/div><div class=\"row personal-wrap\" id=\"city8587\"><a class=\"orten\" href=\"https:\/\/toveksbil.se\/lastbilar\/motala\">Till kontaktsida<\/a><div class=\"opening-hours\"><i class=\"fa fa-clock-o\" aria-hidden=\"true\"><\/i> M\u00e5n-Ons och Fre: 7:00-16:00<br \/>\r\nTorsdag: 7:00-20:00<br \/>\r\n<i> <\/i><br \/><a href=\"https:\/\/toveksbil.se\/lastbilar\/avvikande-oppettider\/\" class=\"irregular-opening-hours\">Avvikande \u00f6ppettider<\/a><\/div><div class=\"wpb_column vc_column_container vc_col-sm-2 personal-item\"><div class=\"vc_column-inner\"><img decoding=\"async\" src=\"https:\/\/toveksbil.se\/lastbilar\/wp-content\/uploads\/2024\/11\/4.jpg\" alt=\"Mikael \u00d6reteg\" \/><div class=\"personal-text\"><p class=\"carlist\"><\/p><h3>Mikael \u00d6reteg<\/h3><p><span style=\"font-style: italic\">Reservdelsansvarig<\/span><br \/><img decoding=\"async\" src=\"https:\/\/toveksbil.se\/lastbilar\/wp-content\/themes\/Toveks\/img\/tel-ikon.png\" alt=\"Telefon\"><a href=\"tel:0141-21 60 45\">0141-21 60 45<\/a><br \/><img decoding=\"async\" src=\"https:\/\/toveksbil.se\/lastbilar\/wp-content\/themes\/Toveks\/img\/mail-ikon.png\" alt=\"E-post\"><a href=\"mailto:mikael.oreteg@toveksbil.se\">Maila<\/a><\/p><\/div><\/div><\/div><\/div><div style=\"clear:both;\"><\/div><\/div><div class=\"city-container\" data-id=\"525\"><div class=\"city-container-header\" data-id=\"525\"><h3 class=\"staff-city-header\" id=\"525\">Sk\u00f6vde<\/h3><span class=\"staff-city-expand-button\" data-id=\"525\">Visa personal <i class=\"fa fa-angle-down\" aria-hidden=\"true\"><\/i><\/span><div style=\"clear:both;\"><\/div><\/div><div class=\"row personal-wrap\" id=\"city525\"><a class=\"orten\" href=\"https:\/\/toveksbil.se\/lastbilar\/skovde\">Till kontaktsida<\/a><div class=\"opening-hours\"><i class=\"fa fa-clock-o\" aria-hidden=\"true\"><\/i> M\u00e5n-Tis och Fre: 7:00-16:00<br \/>\r\nOns-Tor: 7:00-21:00<br \/>\r\n<i><\/i><br \/>\r\nL\u00f6rdag: 7:00-15:00<br \/><a href=\"https:\/\/toveksbil.se\/lastbilar\/avvikande-oppettider\/\" class=\"irregular-opening-hours\">Avvikande \u00f6ppettider<\/a><\/div><div class=\"wpb_column vc_column_container vc_col-sm-2 personal-item\"><div class=\"vc_column-inner\"><img decoding=\"async\" src=\"https:\/\/toveksbil.se\/lastbilar\/wp-content\/themes\/Toveks\/img\/ingen-bild.png\" alt=\"Johanna Svensson\" \/><div class=\"personal-text\"><p class=\"carlist\"><\/p><h3>Johanna Svensson<\/h3><p><span style=\"font-style: italic\">Reservdelskvinna<\/span><br \/><img decoding=\"async\" src=\"https:\/\/toveksbil.se\/lastbilar\/wp-content\/themes\/Toveks\/img\/tel-ikon.png\" alt=\"Telefon\"><a href=\"tel:0500-427931\">0500-427931<\/a><br \/><img decoding=\"async\" src=\"https:\/\/toveksbil.se\/lastbilar\/wp-content\/themes\/Toveks\/img\/mail-ikon.png\" alt=\"E-post\"><a href=\"mailto:johanna.svensson@toveksbil.se\">Maila<\/a><\/p><\/div><\/div><\/div><div class=\"wpb_column vc_column_container vc_col-sm-2 personal-item\"><div class=\"vc_column-inner\"><img decoding=\"async\" src=\"https:\/\/toveksbil.se\/lastbilar\/wp-content\/uploads\/2018\/04\/Anders-Johansson-1.jpg\" alt=\"Anders Johansson\" \/><div class=\"personal-text\"><p class=\"carlist\"><\/p><h3>Anders Johansson<\/h3><p><span style=\"font-style: italic\">Reservdelsman<\/span><br \/><img decoding=\"async\" src=\"https:\/\/toveksbil.se\/lastbilar\/wp-content\/themes\/Toveks\/img\/tel-ikon.png\" alt=\"Telefon\"><a href=\"tel:0500-427934\">0500-427934<\/a><br \/><img decoding=\"async\" src=\"https:\/\/toveksbil.se\/lastbilar\/wp-content\/themes\/Toveks\/img\/mail-ikon.png\" alt=\"E-post\"><a href=\"mailto:anders.johansson@toveksbil.se\">Maila<\/a><\/p><\/div><\/div><\/div><\/div><div style=\"clear:both;\"><\/div><\/div><div class=\"city-container\" data-id=\"526\"><div class=\"city-container-header\" data-id=\"526\"><h3 class=\"staff-city-header\" id=\"526\">Trollh\u00e4ttan<\/h3><span class=\"staff-city-expand-button\" data-id=\"526\">Visa personal <i class=\"fa fa-angle-down\" aria-hidden=\"true\"><\/i><\/span><div style=\"clear:both;\"><\/div><\/div><div class=\"row personal-wrap\" id=\"city526\"><a class=\"orten\" href=\"https:\/\/toveksbil.se\/lastbilar\/trollhattan\">Till kontaktsida<\/a><div class=\"opening-hours\"><i class=\"fa fa-clock-o\" aria-hidden=\"true\"><\/i> M\u00e5n, Ons-Fre: 6:30-16:30<br \/>\r\nTisdag: 6:30-20:00<br \/>\r\n<i>  <\/i><br \/><a href=\"https:\/\/toveksbil.se\/lastbilar\/avvikande-oppettider\/\" class=\"irregular-opening-hours\">Avvikande \u00f6ppettider<\/a><\/div><div class=\"wpb_column vc_column_container vc_col-sm-2 personal-item\"><div class=\"vc_column-inner\"><img decoding=\"async\" src=\"https:\/\/toveksbil.se\/lastbilar\/wp-content\/themes\/Toveks\/img\/ingen-bild.png\" alt=\"Niklas Olsson\" \/><div class=\"personal-text\"><p class=\"carlist\"><\/p><h3>Niklas Olsson<\/h3><p><span style=\"font-style: italic\">Reservdelsman<\/span><br \/><img decoding=\"async\" src=\"https:\/\/toveksbil.se\/lastbilar\/wp-content\/themes\/Toveks\/img\/tel-ikon.png\" alt=\"Telefon\"><a href=\"tel:\"><\/a><br \/><img decoding=\"async\" src=\"https:\/\/toveksbil.se\/lastbilar\/wp-content\/themes\/Toveks\/img\/mail-ikon.png\" alt=\"E-post\"><a href=\"mailto:niklas.olssonlb@toveksbil.se\">Maila<\/a><\/p><\/div><\/div><\/div><div class=\"wpb_column vc_column_container vc_col-sm-2 personal-item\"><div class=\"vc_column-inner\"><img decoding=\"async\" src=\"https:\/\/toveksbil.se\/lastbilar\/wp-content\/uploads\/2024\/02\/LArs-2.jpg\" alt=\"Lars Larsson\" \/><div class=\"personal-text\"><p class=\"carlist\"><\/p><h3>Lars Larsson<\/h3><p><span style=\"font-style: italic\">Reservdelsman<\/span><br \/><img decoding=\"async\" src=\"https:\/\/toveksbil.se\/lastbilar\/wp-content\/themes\/Toveks\/img\/tel-ikon.png\" alt=\"Telefon\"><a href=\"tel:0520-489216\">0520-489216<\/a><br \/><img decoding=\"async\" src=\"https:\/\/toveksbil.se\/lastbilar\/wp-content\/themes\/Toveks\/img\/mail-ikon.png\" alt=\"E-post\"><a href=\"mailto:lars.l@toveksbil.se\">Maila<\/a><\/p><\/div><\/div><\/div><div class=\"wpb_column vc_column_container vc_col-sm-2 personal-item\"><div class=\"vc_column-inner\"><img decoding=\"async\" src=\"https:\/\/toveksbil.se\/lastbilar\/wp-content\/uploads\/2024\/02\/Emmy-2.jpg\" alt=\"Emmy Hageltorn\" \/><div class=\"personal-text\"><p class=\"carlist\"><\/p><h3>Emmy Hageltorn<\/h3><p><span style=\"font-style: italic\">Servicechef<\/span><br \/><img decoding=\"async\" src=\"https:\/\/toveksbil.se\/lastbilar\/wp-content\/themes\/Toveks\/img\/tel-ikon.png\" alt=\"Telefon\"><a href=\"tel:0520-489213\">0520-489213<\/a><br \/><img decoding=\"async\" src=\"https:\/\/toveksbil.se\/lastbilar\/wp-content\/themes\/Toveks\/img\/mail-ikon.png\" alt=\"E-post\"><a href=\"mailto:emmy.hageltorn@toveksbil.se\">Maila<\/a><\/p><\/div><\/div><\/div><\/div><div style=\"clear:both;\"><\/div><\/div><div class=\"city-container\" data-id=\"527\"><div class=\"city-container-header\" data-id=\"527\"><h3 class=\"staff-city-header\" id=\"527\">Uddevalla<\/h3><span class=\"staff-city-expand-button\" data-id=\"527\">Visa personal <i class=\"fa fa-angle-down\" aria-hidden=\"true\"><\/i><\/span><div style=\"clear:both;\"><\/div><\/div><div class=\"row personal-wrap\" id=\"city527\"><a class=\"orten\" href=\"https:\/\/toveksbil.se\/lastbilar\/uddevalla\">Till kontaktsida<\/a><div class=\"opening-hours\"><i class=\"fa fa-clock-o\" aria-hidden=\"true\"><\/i> M\u00e5n,Ons och Fre: 07-16<br \/>\r\nTisdag och Torsdag: 07-20<br \/>\r\n<i><\/i><br \/>\r\nL\u00f6rdag: 07-15<br \/><a href=\"https:\/\/toveksbil.se\/lastbilar\/avvikande-oppettider\/\" class=\"irregular-opening-hours\">Avvikande \u00f6ppettider<\/a><\/div><div class=\"wpb_column vc_column_container vc_col-sm-2 personal-item\"><div class=\"vc_column-inner\"><img decoding=\"async\" src=\"https:\/\/toveksbil.se\/lastbilar\/wp-content\/uploads\/2025\/04\/Anders-Forsgren.jpg\" alt=\"Anders Forsgren\" \/><div class=\"personal-text\"><p class=\"carlist\"><\/p><h3>Anders Forsgren<\/h3><p><span style=\"font-style: italic\">Reservdelsman<\/span><br \/><img decoding=\"async\" src=\"https:\/\/toveksbil.se\/lastbilar\/wp-content\/themes\/Toveks\/img\/tel-ikon.png\" alt=\"Telefon\"><a href=\"tel:0522-654347\">0522-654347<\/a><br \/><img decoding=\"async\" src=\"https:\/\/toveksbil.se\/lastbilar\/wp-content\/themes\/Toveks\/img\/mail-ikon.png\" alt=\"E-post\"><a href=\"mailto:anders.forsgren@toveksbil.se\">Maila<\/a><\/p><\/div><\/div><\/div><div class=\"wpb_column vc_column_container vc_col-sm-2 personal-item\"><div class=\"vc_column-inner\"><img decoding=\"async\" src=\"https:\/\/toveksbil.se\/lastbilar\/wp-content\/uploads\/2026\/03\/1.jpg\" alt=\"Emil Karlsson\" \/><div class=\"personal-text\"><p class=\"carlist\"><\/p><h3>Emil Karlsson<\/h3><p><span style=\"font-style: italic\">Reservdelsman<\/span><br \/><img decoding=\"async\" src=\"https:\/\/toveksbil.se\/lastbilar\/wp-content\/themes\/Toveks\/img\/tel-ikon.png\" alt=\"Telefon\"><a href=\"tel:0522-654343\">0522-654343<\/a><br \/><img decoding=\"async\" src=\"https:\/\/toveksbil.se\/lastbilar\/wp-content\/themes\/Toveks\/img\/mail-ikon.png\" alt=\"E-post\"><a href=\"mailto:emil.karlsson@toveksbil.se\">Maila<\/a><\/p><\/div><\/div><\/div><\/div><div style=\"clear:both;\"><\/div><\/div><div class=\"city-container\" data-id=\"391\"><div class=\"city-container-header\" data-id=\"391\"><h3 class=\"staff-city-header\" id=\"391\">\u00c5m\u00e5l<\/h3><span class=\"staff-city-expand-button\" data-id=\"391\">Visa personal <i class=\"fa fa-angle-down\" aria-hidden=\"true\"><\/i><\/span><div style=\"clear:both;\"><\/div><\/div><div class=\"row personal-wrap\" id=\"city391\"><a class=\"orten\" href=\"https:\/\/toveksbil.se\/lastbilar\/amal\">Till kontaktsida<\/a><div class=\"opening-hours\"><i class=\"fa fa-clock-o\" aria-hidden=\"true\"><\/i> M\u00e5n-Ons och Fre: 7:00-16:00<br \/>\r\nTorsdag: 7:00-20:00<br \/>\r\n<i> <\/i><br \/><a href=\"https:\/\/toveksbil.se\/lastbilar\/avvikande-oppettider\/\" class=\"irregular-opening-hours\">Avvikande \u00f6ppettider<\/a><\/div><div class=\"wpb_column vc_column_container vc_col-sm-2 personal-item\"><div class=\"vc_column-inner\"><img decoding=\"async\" src=\"https:\/\/toveksbil.se\/lastbilar\/wp-content\/themes\/Toveks\/img\/ingen-bild.png\" alt=\"Felix Doverhorn\" \/><div class=\"personal-text\"><p class=\"carlist\"><\/p><h3>Felix Doverhorn<\/h3><p><span style=\"font-style: italic\">Reservdelsman<\/span><br \/><img decoding=\"async\" src=\"https:\/\/toveksbil.se\/lastbilar\/wp-content\/themes\/Toveks\/img\/tel-ikon.png\" alt=\"Telefon\"><a href=\"tel:0532-607752\">0532-607752<\/a><br \/><img decoding=\"async\" src=\"https:\/\/toveksbil.se\/lastbilar\/wp-content\/themes\/Toveks\/img\/mail-ikon.png\" alt=\"E-post\"><a href=\"mailto:felix.foverhorn@toveksbil.se\">Maila<\/a><\/p><\/div><\/div><\/div><div class=\"wpb_column vc_column_container vc_col-sm-2 personal-item\"><div class=\"vc_column-inner\"><img decoding=\"async\" src=\"https:\/\/toveksbil.se\/lastbilar\/wp-content\/uploads\/2025\/06\/3.jpg\" alt=\"Henrik Karlsson\" \/><div class=\"personal-text\"><p class=\"carlist\"><\/p><h3>Henrik Karlsson<\/h3><p><span style=\"font-style: italic\">Servicechef<\/span><br \/><img decoding=\"async\" src=\"https:\/\/toveksbil.se\/lastbilar\/wp-content\/themes\/Toveks\/img\/tel-ikon.png\" alt=\"Telefon\"><a href=\"tel:0532-607753\">0532-607753<\/a><br \/><img decoding=\"async\" src=\"https:\/\/toveksbil.se\/lastbilar\/wp-content\/themes\/Toveks\/img\/mail-ikon.png\" alt=\"E-post\"><a href=\"mailto:henrik.karlsson@toveksbil.se\">Maila<\/a><\/p><\/div><\/div><\/div><\/div><div style=\"clear:both;\"><\/div><\/div><script>jQuery(\".city-container-header\").click(function () {var id = jQuery(this).data(\"id\");if (jQuery(\"#city\" + id).is(\":visible\")) {jQuery(\"#city\" + id).slideUp(\"slow\", function () { });jQuery(this).find(\".staff-city-expand-button\").html(\"Visa personal <i class=\\\"fa fa-angle-down\\\" aria-hidden=\\\"true\\\"><\/i>\");}else {jQuery(\"#city\" + id).slideDown(\"slow\", function () { });jQuery(this).find(\".staff-city-expand-button\").html(\"D\u00f6lj personal <i class=\\\"fa fa-angle-up\\\" aria-hidden=\\\"true\\\"><\/i>\");}});<\/script>\n","protected":false},"excerpt":{"rendered":"<p>Personal Reservdelar &amp; Tillbeh\u00f6r<\/p>\n","protected":false},"author":1,"featured_media":0,"parent":0,"menu_order":0,"comment_status":"closed","ping_status":"closed","template":"templates\/Kampanjsida.php","meta":{"_acf_changed":false,"_exactmetrics_skip_tracking":false,"_exactmetrics_sitenote_active":false,"_exactmetrics_sitenote_note":"","_exactmetrics_sitenote_category":0,"footnotes":""},"class_list":["post-6382","page","type-page","status-publish","hentry"],"acf":[],"yoast_head":"<!-- This site is optimized with the Yoast SEO plugin v27.2 - https:\/\/yoast.com\/product\/yoast-seo-wordpress\/ -->\n<title>Kontaktuppgifter f\u00f6r reservdelar &amp; tillbeh\u00f6r - Toveks Lastbilar<\/title>\n<meta name=\"description\" content=\"Scania konstruerar v\u00e5ra delar f\u00f6r ultimat prestanda, uth\u00e5llighet, br\u00e4nsleekonomi och s\u00e4kerhet. V\u00e5ra experter identifierar och ordnar snabbt fram de delar du beh\u00f6ver. Vi ser alltid till att reservdelar fr\u00e5n Scania finns tillg\u00e4ngliga f\u00f6r snabb leverans.\" \/>\n<meta name=\"robots\" content=\"index, follow, max-snippet:-1, max-image-preview:large, max-video-preview:-1\" \/>\n<link rel=\"canonical\" href=\"https:\/\/toveksbil.se\/lastbilar\/reservdelar-kontakt\/\" \/>\n<meta name=\"twitter:card\" content=\"summary_large_image\" \/>\n<meta name=\"twitter:title\" content=\"Kontaktuppgifter f\u00f6r reservdelar &amp; tillbeh\u00f6r - Toveks Lastbilar\" \/>\n<meta name=\"twitter:description\" content=\"Scania konstruerar v\u00e5ra delar f\u00f6r ultimat prestanda, uth\u00e5llighet, br\u00e4nsleekonomi och s\u00e4kerhet. V\u00e5ra experter identifierar och ordnar snabbt fram de delar du beh\u00f6ver. Vi ser alltid till att reservdelar fr\u00e5n Scania finns tillg\u00e4ngliga f\u00f6r snabb leverans.\" \/>\n<script type=\"application\/ld+json\" class=\"yoast-schema-graph\">{\"@context\":\"https:\/\/schema.org\",\"@graph\":[{\"@type\":\"WebPage\",\"@id\":\"https:\/\/toveksbil.se\/lastbilar\/reservdelar-kontakt\/\",\"url\":\"https:\/\/toveksbil.se\/lastbilar\/reservdelar-kontakt\/\",\"name\":\"Kontaktuppgifter f\u00f6r reservdelar & tillbeh\u00f6r - Toveks Lastbilar\",\"isPartOf\":{\"@id\":\"https:\/\/toveksbil.se\/lastbilar\/#website\"},\"datePublished\":\"2018-05-23T14:22:14+00:00\",\"dateModified\":\"2018-12-05T13:16:15+00:00\",\"description\":\"Scania konstruerar v\u00e5ra delar f\u00f6r ultimat prestanda, uth\u00e5llighet, br\u00e4nsleekonomi och s\u00e4kerhet. V\u00e5ra experter identifierar och ordnar snabbt fram de delar du beh\u00f6ver. Vi ser alltid till att reservdelar fr\u00e5n Scania finns tillg\u00e4ngliga f\u00f6r snabb leverans.\",\"breadcrumb\":{\"@id\":\"https:\/\/toveksbil.se\/lastbilar\/reservdelar-kontakt\/#breadcrumb\"},\"inLanguage\":\"sv-SE\",\"potentialAction\":[{\"@type\":\"ReadAction\",\"target\":[\"https:\/\/toveksbil.se\/lastbilar\/reservdelar-kontakt\/\"]}]},{\"@type\":\"BreadcrumbList\",\"@id\":\"https:\/\/toveksbil.se\/lastbilar\/reservdelar-kontakt\/#breadcrumb\",\"itemListElement\":[{\"@type\":\"ListItem\",\"position\":1,\"name\":\"Hem\",\"item\":\"https:\/\/toveksbil.se\/lastbilar\/\"},{\"@type\":\"ListItem\",\"position\":2,\"name\":\"Reservdelar kontakt\"}]},{\"@type\":\"WebSite\",\"@id\":\"https:\/\/toveksbil.se\/lastbilar\/#website\",\"url\":\"https:\/\/toveksbil.se\/lastbilar\/\",\"name\":\"Toveks Bil\",\"description\":\"Hela v\u00e4gen\",\"potentialAction\":[{\"@type\":\"SearchAction\",\"target\":{\"@type\":\"EntryPoint\",\"urlTemplate\":\"https:\/\/toveksbil.se\/lastbilar\/?s={search_term_string}\"},\"query-input\":{\"@type\":\"PropertyValueSpecification\",\"valueRequired\":true,\"valueName\":\"search_term_string\"}}],\"inLanguage\":\"sv-SE\"}]}<\/script>\n<!-- \/ Yoast SEO plugin. -->","yoast_head_json":{"title":"Kontaktuppgifter f\u00f6r reservdelar & tillbeh\u00f6r - Toveks Lastbilar","description":"Scania konstruerar v\u00e5ra delar f\u00f6r ultimat prestanda, uth\u00e5llighet, br\u00e4nsleekonomi och s\u00e4kerhet. V\u00e5ra experter identifierar och ordnar snabbt fram de delar du beh\u00f6ver. Vi ser alltid till att reservdelar fr\u00e5n Scania finns tillg\u00e4ngliga f\u00f6r snabb leverans.","robots":{"index":"index","follow":"follow","max-snippet":"max-snippet:-1","max-image-preview":"max-image-preview:large","max-video-preview":"max-video-preview:-1"},"canonical":"https:\/\/toveksbil.se\/lastbilar\/reservdelar-kontakt\/","twitter_card":"summary_large_image","twitter_title":"Kontaktuppgifter f\u00f6r reservdelar & tillbeh\u00f6r - Toveks Lastbilar","twitter_description":"Scania konstruerar v\u00e5ra delar f\u00f6r ultimat prestanda, uth\u00e5llighet, br\u00e4nsleekonomi och s\u00e4kerhet. V\u00e5ra experter identifierar och ordnar snabbt fram de delar du beh\u00f6ver. Vi ser alltid till att reservdelar fr\u00e5n Scania finns tillg\u00e4ngliga f\u00f6r snabb leverans.","schema":{"@context":"https:\/\/schema.org","@graph":[{"@type":"WebPage","@id":"https:\/\/toveksbil.se\/lastbilar\/reservdelar-kontakt\/","url":"https:\/\/toveksbil.se\/lastbilar\/reservdelar-kontakt\/","name":"Kontaktuppgifter f\u00f6r reservdelar & tillbeh\u00f6r - Toveks Lastbilar","isPartOf":{"@id":"https:\/\/toveksbil.se\/lastbilar\/#website"},"datePublished":"2018-05-23T14:22:14+00:00","dateModified":"2018-12-05T13:16:15+00:00","description":"Scania konstruerar v\u00e5ra delar f\u00f6r ultimat prestanda, uth\u00e5llighet, br\u00e4nsleekonomi och s\u00e4kerhet. V\u00e5ra experter identifierar och ordnar snabbt fram de delar du beh\u00f6ver. Vi ser alltid till att reservdelar fr\u00e5n Scania finns tillg\u00e4ngliga f\u00f6r snabb leverans.","breadcrumb":{"@id":"https:\/\/toveksbil.se\/lastbilar\/reservdelar-kontakt\/#breadcrumb"},"inLanguage":"sv-SE","potentialAction":[{"@type":"ReadAction","target":["https:\/\/toveksbil.se\/lastbilar\/reservdelar-kontakt\/"]}]},{"@type":"BreadcrumbList","@id":"https:\/\/toveksbil.se\/lastbilar\/reservdelar-kontakt\/#breadcrumb","itemListElement":[{"@type":"ListItem","position":1,"name":"Hem","item":"https:\/\/toveksbil.se\/lastbilar\/"},{"@type":"ListItem","position":2,"name":"Reservdelar kontakt"}]},{"@type":"WebSite","@id":"https:\/\/toveksbil.se\/lastbilar\/#website","url":"https:\/\/toveksbil.se\/lastbilar\/","name":"Toveks Bil","description":"Hela v\u00e4gen","potentialAction":[{"@type":"SearchAction","target":{"@type":"EntryPoint","urlTemplate":"https:\/\/toveksbil.se\/lastbilar\/?s={search_term_string}"},"query-input":{"@type":"PropertyValueSpecification","valueRequired":true,"valueName":"search_term_string"}}],"inLanguage":"sv-SE"}]}},"_links":{"self":[{"href":"https:\/\/toveksbil.se\/lastbilar\/wp-json\/wp\/v2\/pages\/6382","targetHints":{"allow":["GET"]}}],"collection":[{"href":"https:\/\/toveksbil.se\/lastbilar\/wp-json\/wp\/v2\/pages"}],"about":[{"href":"https:\/\/toveksbil.se\/lastbilar\/wp-json\/wp\/v2\/types\/page"}],"author":[{"embeddable":true,"href":"https:\/\/toveksbil.se\/lastbilar\/wp-json\/wp\/v2\/users\/1"}],"replies":[{"embeddable":true,"href":"https:\/\/toveksbil.se\/lastbilar\/wp-json\/wp\/v2\/comments?post=6382"}],"version-history":[{"count":5,"href":"https:\/\/toveksbil.se\/lastbilar\/wp-json\/wp\/v2\/pages\/6382\/revisions"}],"predecessor-version":[{"id":6405,"href":"https:\/\/toveksbil.se\/lastbilar\/wp-json\/wp\/v2\/pages\/6382\/revisions\/6405"}],"wp:attachment":[{"href":"https:\/\/toveksbil.se\/lastbilar\/wp-json\/wp\/v2\/media?parent=6382"}],"curies":[{"name":"wp","href":"https:\/\/api.w.org\/{rel}","templated":true}]}}